 20 + 3. Suppose -34*a + 30 = 5*m - 36*a, 5*m - 30 = -4*a. Calculate the highest common factor of m and k.
3
Suppose -3550*f + 80 = -3542*f. Let n(i) = i + 2. Let u be n(6). Let o = u + 2. What is the greatest common factor of f and o?
10
Let o be -1*(-244887)/18 - 9/(-54). What is the highest common factor of o and 5?
5
Let t be (24/(-10))/((-108)/2025). What is the highest common factor of 2325 and t?
15
Suppose -53*a + 57488 = -22974 + 19512. Suppose v - 2*i = 44, 5*v - 4*v + i - 53 = 0. Calculate the greatest common divisor of v and a.
50
Let b be 15 + -4*1*(-396)/176. Suppose 5*z + 3*r - 511 = 0, 4*z = -2*r + 337 + 73. Calculate the highest common factor of b and z.
8
Suppose -25 = 5*g, -6*x = -10*x + 4*g - 1180. Let d = x - -404. What is the highest common factor of 65 and d?
13
Let f be 1/(-5) + ((-1326)/(-15))/(-13) - -59756. Calculate the highest common divisor of 149 and f.
149
Let a(h) = 29*h**2 - 905*h - 68. Let l be a(32). What is the highest common divisor of l and 12?
4
Let y = -44 - -113. Let p = 101 - y. Suppose -3*h + 96 = -0*h. What is the greatest common divisor of h and p?
32
Let i(d) = -d**2 - 6*d - 3. Let r be i(-6). Let u be (-9)/1 - -10 - (-2 - 14). Let o = r + u. Calculate the greatest common factor of o and 112.
14
Let s = -377 - -377. Suppose 8*p - 25*p + 323 = s. What is the highest common factor of p and 57?
19
Let d(b) be the first derivative of -10/3*b**3 + 5/2*b**2 - 14*b + 20 + 1/4*b**4. Let a be d(10). Calculate the greatest common factor of 3 and a.
3
Let o = 20511 - 20287. Calculate the highest common factor of o and 2744.
56
Let w be 4 + (-2 - -4) + 48. Let i be 109 + (-6)/18*3. Let f = i + -102. Calculate the greatest common divisor of w and f.
6
Suppose -i - 2*n + 1045 = 0, 0 = -7*i + 11*i + 4*n - 4200. Suppose 3131 = 14*s - i. What is the greatest common divisor of 23 and s?
23
Suppose -80 = 7*b - 8*b. Suppose 4*f + 3*j = -b, -f - 5*j - 40 + 3 = 0. Let p = 43 - f. What is the greatest common divisor of p and 24?
12
Let m(o) = 2*o**2 - 4*o + 12. Let g be m(8). Let a be (-10)/8 - ((-64)/(-160) - 1986/40). What is the greatest common divisor of g and a?
12
Let j(s) = 3*s - 5. Let o be j(3). Let g(h) = 2*h**3 - 10*h**2 + 10*h. Let z be g(o). What is the greatest common divisor of 152 and z?
8
Suppose 8*h + 13671 = 71*h. Calculate the highest common divisor of 1 and h.
1
Suppose -w = 5*v - 16, 9 = 2*v + 3. Let o be 132*(15/6 - w). What is the greatest common divisor of 22 and o?
22
Let w(d) = -5*d + 98. Let l be w(16). What is the greatest common divisor of l and 981?
9
Let a = 4 - -3. Let h = 201 + a. Calculate the greatest common divisor of h and 26.
26
Suppose 27*l - 5408 = 2324 + 1853. What is the greatest common factor of 568 and l?
71
Suppose 2*j + 18 = 4*j + 3*t, 27 = 3*j - t. Let z(a) = -a**3 + 8*a**2 + 9*a + 25. Let f be z(j). Calculate the highest common divisor of f and 25.
25
Let j(c) be the second derivative of -c**5/20 - 5*c**4/6 - 3*c**3 + 5*c**2/2 + 3*c. Let s be j(-11). What is the highest common factor of s and 36?
36
Suppose 2*f - 5 = -29. Let h be (f + -3*(-3)/(-9))*-1. Let y = 27 + -14. What is the greatest common factor of h and y?
13
Let o(x) = -32*x - 26. Let d be o(-18). Calculate the greatest common factor of d and 165.
55
Let j(c) = c**3 - 3*c**2 - c - 132. Let g be j(0). Let p = -34 - g. What is the highest common factor of 14 and p?
14
Let h be (-2)/(-10 + 0) + (-3478)/(-235). Let k be 3/(-15) + (-2 - 567/h). Let f be k/(-25)*(29 - (0 + -1)). Calculate the greatest common divisor of f and 6.
6
Let c = -530 - -533. Suppose 4*p = -c*i + 339, -3*p + 0*i + 273 = -4*i. Calculate the greatest common factor of p and 29.
29
Let u(p) = -33*p - 309. Let j be u(-11). Suppose x + y = j, -3*x + 108 = -x + 3*y. What is the highest common factor of x and 12?
6
Let a be ((-20)/(-90) - 148/18)/2. Let h be (a + 1)/(-3)*41 - -4. What is the highest common divisor of 3 and h?
3
Let m(w) = 3*w. Let x be m(3). Suppose -71*h + 163*h = 64*h + 10332. Calculate the highest common factor of x and h.
9
Suppose 0 = -2*v - 10*n + 8*n + 2942, 4*v - 5879 = n. Calculate the highest common divisor of 35 and v.
35
Suppose 2*n - 143 + 23 = 0. Suppose 4*j - 625 = 3*z - 469, 12 = -3*z. Calculate the highest common divisor of j and n.
12
Suppose 8556 = -18*z + 20*z - s, -5*s + 4289 = z. Calculate the highest common factor of z and 11.
11
Let h = -2978 + 2983. Let c(f) = -f**2 - 3*f + 4. Let b be c(-4). Let l be 8 + (b/h)/3. Calculate the greatest common factor of l and 8.
8
Let a = 48 + -5. Let b = a - 44. Let p be ((-2)/(-5))/(b/(-50)). What is the greatest common factor of 40 and p?
20
Suppose -19*o - 3*o = -12012. Let x = o + -483. Calculate the greatest common divisor of 36 and x.
9
Suppose 12*n + 18298 = 16*n - 57410. What is the greatest common factor of n and 27?
27
Let u be 3 + (-4 - -3)*-183. Let j = 8595 - 8589. What is the highest common divisor of j and u?
6
Let z = -487 + 620. Suppose h + 236 = -h. Let o = h + z. What is the highest common factor of o and 30?
15
Let q(k) = 9*k - 24. Let t be q(5). Suppose -3*p + 12 = -t. Calculate the highest common divisor of 11 and p.
11
Suppose -8270*z - 23736 = -8276*z. Calculate the greatest common divisor of 516 and z.
172
Let w = 65 + -58. Let p be 4/w + (4 - 888/(-14)). Let c = p - 58. What is the highest common divisor of 10 and c?
10
Suppose -4*s = -13812 + 2868. Calculate the highest common factor of 1140 and s.
228
Suppose -3*v + 3*h + 4554 = 0, -v + 1500 = -21*h + 23*h. Calculate the highest common divisor of v and 105.
21
Let q = 23 + -20. Let h be (3 - q)/(2/2). Suppose -18 = -h*z - 3*z. What is the highest common divisor of 30 and z?
6
Let j(l) = l**3 + 2*l**2 - 21. Let p be j(4). Suppose -4*u = -8*u + 100. What is the highest common divisor of u and p?
25
Let j = 47 + -5. Suppose 4*r + 24 = 0, -34*v + 39*v - 537 = 2*r. What is the greatest common factor of v and j?
21
Suppose -3*d + 20 = q, -5*q = -3*q + d - 15. Suppose 3*a - 4*i - 29 = 0, q = 3*i + 2*i. Let x = -54 + 65. What is the highest common factor of a and x?
11
Let t be 418 + 2 + -12 - (-1 + 6). Let q be (5 - 4)*3 + -2 - -12. What is the greatest common divisor of t and q?
13
Let a(r) = 17*r + r - 91*r**2 + 92*r**2 + 25 - 5. Let v be a(-18). What is the greatest common divisor of v and 25?
5
Let l = -258 - -262. Suppose 0 = -5*c - 2*y + 42, -l*c + 3*y - 5*y + 34 = 0. Let x = -54 + 110. Calculate the highest common divisor of c and x.
8
Suppose -35 = 3*q - 10*q. Suppose 23 + q = 14*d. Calculate the highest common divisor of 14 and d.
2
Suppose -j = 1, -541 = -5*r + 2*j + 1811. Suppose 0 = 6*m - r - 58. Calculate the greatest common factor of 110 and m.
22
Let n(k) = -15*k - 327. Let z be n(-22). Let j be (-7)/(-14) - 45/(-2). Suppose -5*v - z = -j. Calculate the highest common factor of 4 and v.
4
Let p(d) = d**2 + 25*d + 2. Let n be p(-25). Suppose -2*v + 4*a = -a - 24, 22 = n*v - 4*a. What is the highest common factor of v and 28?
7
Let z be 1075*((-136)/(-160) - 2/8). Let t = z - 320. What is the greatest common factor of t and 130?
65
Suppose -c + 4*k + 56 = 0, c + 3*k - 657 = -594. Calculate the greatest common divisor of 32460 and c.
60
Suppose -3*b = -5*u - 936, -110*b - u = -114*b + 1248. What is the highest common divisor of b and 104?
104
Let v be (-152)/(-14) + 20/140. What is the highest common factor of v and 17?
1
Let k be (-392000)/686*7/(-2). What is the greatest common divisor of 640 and k?
80
Let z(c) = -c**2 - 7*c - 12. Let j be z(-7). Let m be 12/(-36) + (-1108)/j. What is the highest common factor of m and 138?
46
Let u(d) = 6*d**2 + 194*d + 624. Let t be u(-30). Calculate the greatest common factor of t and 3312.
12
Suppose -3*i - 2*n + 60 = -56, -3*n - 66 = -3*i. Let v = 38 + -22. Calculate the greatest common factor of v and i.
16
Let q(a) = 3*a**2 - 3*a - 18. Let m(v) = v**2 - 6*v + 3. Let l be m(2). Let f be q(l). Suppose 34 - 2 = 4*g. Calculate the highest common divisor of f and g.
8
Suppose -2*l - 19*r = -21*r - 32, -r = -5. What is the greatest common divisor of l and 1267?
7
Let t(n) = -285*n - 12259. Let f be t(-47). Calculate the greatest common factor of 2698 and f.
142
Suppose 3*i + 12 = 0, -2*v + 21*i = 20*i - 124. Let h be (-2)/(-8) - (-358)/8. Calculate t